{"id":18,"date":"2021-12-17T14:01:37","date_gmt":"2021-12-17T14:01:37","guid":{"rendered":"https:\/\/katharinaelsner.de\/?page_id=18"},"modified":"2026-03-24T09:23:58","modified_gmt":"2026-03-24T09:23:58","slug":"ueber-mich","status":"publish","type":"page","link":"https:\/\/katharinaelsner.de\/?page_id=18","title":{"rendered":"\u00dcber mich"},"content":{"rendered":"\n<div class=\"wp-block-columns alignwide is-layout-flex wp-container-core-columns-is-layout-9d6595d7 wp-block-columns-is-layout-flex\">\n<div class=\"wp-block-column is-layout-flow wp-block-column-is-layout-flow\" style=\"flex-basis:50%\">\n<figure class=\"wp-block-image size-large is-resized is-style-rounded\"><img loading=\"lazy\" decoding=\"async\" width=\"683\" height=\"1024\" src=\"https:\/\/katharinaelsner.de\/wp-content\/uploads\/16-HF.St_.Auer241014_Kika_33-683x1024.jpg\" alt=\"\" class=\"wp-image-174\" style=\"aspect-ratio:0.6669944874592889;width:473px;height:auto\" srcset=\"https:\/\/katharinaelsner.de\/wp-content\/uploads\/16-HF.St_.Auer241014_Kika_33-683x1024.jpg 683w, https:\/\/katharinaelsner.de\/wp-content\/uploads\/16-HF.St_.Auer241014_Kika_33-200x300.jpg 200w, https:\/\/katharinaelsner.de\/wp-content\/uploads\/16-HF.St_.Auer241014_Kika_33-768x1152.jpg 768w, https:\/\/katharinaelsner.de\/wp-content\/uploads\/16-HF.St_.Auer241014_Kika_33-1024x1536.jpg 1024w, https:\/\/katharinaelsner.de\/wp-content\/uploads\/16-HF.St_.Auer241014_Kika_33-1365x2048.jpg 1365w, https:\/\/katharinaelsner.de\/wp-content\/uploads\/16-HF.St_.Auer241014_Kika_33-1870x2805.jpg 1870w, https:\/\/katharinaelsner.de\/wp-content\/uploads\/16-HF.St_.Auer241014_Kika_33-400x600.jpg 400w, https:\/\/katharinaelsner.de\/wp-content\/uploads\/16-HF.St_.Auer241014_Kika_33-800x1200.jpg 800w, https:\/\/katharinaelsner.de\/wp-content\/uploads\/16-HF.St_.Auer241014_Kika_33-scaled.jpg 1707w\" sizes=\"auto, (max-width: 683px) 100vw, 683px\" \/><\/figure>\n<\/div>\n\n\n\n<div class=\"wp-block-column is-layout-flow wp-block-column-is-layout-flow\" style=\"flex-basis:50%\">\n<p class=\"has-large-font-size\"><strong>Ich bin freie Journalistin, Autorin und Moderatorin. Und Format-Architektin.<\/strong><\/p>\n\n\n\n<p> Ein NDR-Kollege hat einmal \u00fcber mich gesagt: <\/p>\n\n\n\n<blockquote class=\"wp-block-quote is-layout-flow wp-block-quote-is-layout-flow\">\n<p>\u201eKatharina tr\u00e4gt einen Schl\u00fcssel in sich, mit dem sie die T\u00fcren zu Menschen \u00f6ffnet, die sie eigentlich verschlossen halten wollten.\u201c<\/p>\n<\/blockquote>\n\n\n\n<p>Das beschreibt meine Haltung ganz gut.<\/p>\n\n\n\n<div class=\"wp-block-columns is-layout-flex wp-container-core-columns-is-layout-9d6595d7 wp-block-columns-is-layout-flex\">\n<div class=\"wp-block-column is-layout-flow wp-block-column-is-layout-flow\">\n<h5 class=\"wp-block-heading\">Ich biete<\/h5>\n\n\n\n<ul class=\"wp-block-list\">\n<li><strong>Recherchen<\/strong> und Faktenchecks, Verifikation<\/li>\n\n\n\n<li><strong>Reportagen<\/strong>, Features f\u00fcr Online, Podcast, Print<\/li>\n\n\n\n<li>Expertin f\u00fcr <strong>Storytelling<\/strong> <\/li>\n\n\n\n<li>Interview- und <strong>Pressetrainings<\/strong> <\/li>\n\n\n\n<li><strong>Moderation<\/strong> f\u00fcr Fachtage, Panels und Podien, Events, Gruppendiskussionen<\/li>\n\n\n\n<li><strong>Speakerin<\/strong> auf Panels als Expertin f\u00fcr Bildungsthemen<\/li>\n\n\n\n<li><strong>Formatentwicklung:<\/strong> Konzeption neuer Projekte, Artikelserien oder Podcasts<\/li>\n\n\n\n<li><strong>Wissenstransfer<\/strong> f\u00fcr Storytelling in der Wissenschaft <\/li>\n<\/ul>\n<\/div>\n\n\n\n<div class=\"wp-block-column is-layout-flow wp-block-column-is-layout-flow\">\n<h5 class=\"wp-block-heading\">Ich suche<\/h5>\n\n\n\n<ul class=\"wp-block-list\">\n<li>Entwicklung neuer <strong>Medien- und Journalismusprojekte<\/strong><\/li>\n\n\n\n<li>Entwicklung <strong>kreativer Live-Formate<\/strong><\/li>\n\n\n\n<li>Moderationen <\/li>\n\n\n\n<li>Film- und Videoprojekte mit Co-Autor:innen<\/li>\n<\/ul>\n<\/div>\n<\/div>\n\n\n\n<h5 class=\"wp-block-heading\">Meine Lieblingsthemen<\/h5>\n\n\n\n<p>Bildung, Gewalt in p\u00e4dagogischen Institutionen, Ungleichheiten und Ungerechtigkeiten, Gesellschaft und Politik in Mecklenburg-Vorpommern, Ostdeutschland, Fu\u00dfballpolitik, K\u00fcnstliche Intelligenz in Medizin<\/p>\n\n\n\n<h4 class=\"wp-block-heading\">Mehr \u00fcber mich<\/h4>\n\n\n\n<p class=\"has-regular-font-size\" style=\"font-style:normal;font-weight:200\"><strong>Ausbildung<\/strong> <\/p>\n\n\n\n<p class=\"has-small-font-size\" style=\"font-style:normal;font-weight:200\">|&nbsp;<strong>Journalistenschule<\/strong>: Reportageschule Reutlingen 2017-2018<\/p>\n\n\n\n<p class=\"has-small-font-size\" style=\"font-style:normal;font-weight:200\">| <strong>Volontariat<\/strong>: Weser-Kurier Bremen 2015-2017<\/p>\n\n\n\n<p class=\"has-small-font-size\" style=\"font-style:normal;font-weight:200\">| <strong>Universit\u00e4t Greifswald<\/strong> 2006-2012: Englisch, Geschichtswissenschaft, <strong>Lehramt<\/strong> | University of Manitoba 2011<\/p>\n\n\n\n<p class=\"has-small-font-size\" style=\"font-style:normal;font-weight:200\"><\/p>\n\n\n\n<p class=\"has-regular-font-size\" style=\"font-style:normal;font-weight:200\"><strong>Fortbildungen<\/strong><\/p>\n\n\n\n<p class=\"has-small-font-size\" style=\"font-style:normal;font-weight:200\">| <strong>Mentorin<\/strong> im Programm &#8222;Kultich-Mentoring&#8220; seit 2026.<\/p>\n\n\n\n<p class=\"has-small-font-size\" style=\"font-style:normal;font-weight:200\">| <strong>Mentee<\/strong> im Programm &#8222;Kultich-Mentoring&#8220; 2024-2025. Einj\u00e4hrige Fortbildung f\u00fcr Frauen in Kultur- und Medienbranche. Seminaren u.a. Sprache, Stimme, Verhandeln.<\/p>\n\n\n\n<p class=\"has-small-font-size\" style=\"font-style:normal;font-weight:200\">| <strong>Mentee<\/strong> im Mentorinnenprogramm &#8222;Starke Frauen in MV: Aufstieg in Unternehmen&#8220; 2020-2021. Einj\u00e4hrige Fortbildung f\u00fcr Frauen in F\u00fchrungspositionen oder solche, die dahin wollen. Mit Seminaren u.a. zu Kommunikation, Konflikt-, Zeitmanagement.<\/p>\n\n\n\n<p class=\"has-regular-font-size\" style=\"font-style:normal;font-weight:200\"><strong>Projekte<\/strong><\/p>\n\n\n\n<p class=\"has-small-font-size\">| 09\/2024-10\/2025 <strong>wissenschaftlich Mitarbeiterin <\/strong>an der Universit\u00e4tsmedizin Rostock f\u00fcr Konzeption, Recherche und Organisation der interaktiven Themenwoche &#8222;KI in der Medizin &#8212; Sind wir bereit?&#8220;<\/p>\n\n\n\n<p class=\"has-small-font-size\" style=\"font-style:normal;font-weight:200\">| <strong>Fellow<\/strong> + <strong>Stipendiatin<\/strong> der &#8222;Masterclass Wissenschaftsjournalismus&#8220; der Riffreporter &amp; Robert-Bosch-Stiftung 2020-2021 | Konzipierung, Planung und Umsetzung einer zweiw\u00f6chigen, interaktiven Ausstellung in der Stadtbibliothek Rostock. | Titel: &#8222;Der Roboter: dein Freund und Pfleger?&#8220; | Moderation einer Podiumsdiskussion.<\/p>\n\n\n\n<p class=\"has-small-font-size\">| <strong>Podcast<\/strong> &#8222;Schwarzes Blut, der Podcast der Stadtbibliothek Rostock \u00fcber Menschen und Medien, die Mut machen&#8220;. |&nbsp;Planung, Umsetzung und Moderation des Podcasts zusammen mit der Stadtbibliothek Rostock. <\/p>\n\n\n\n<p class=\"has-regular-font-size\" style=\"font-style:normal;font-weight:200\"><strong>Was ich kann<\/strong><\/p>\n\n\n\n<p class=\"has-small-font-size\" style=\"font-style:normal;font-weight:200\"><strong>Spezialisiert auf<\/strong>: Reportagen, Portr\u00e4ts, Features, Moderation, Interview, Storytelling<\/p>\n\n\n\n<p class=\"has-small-font-size\" style=\"font-style:normal;font-weight:200\"><strong>Meine<\/strong> <strong>Medien<\/strong>: Print, Online, Radio, Video <\/p>\n\n\n\n<p class=\"has-small-font-size\" style=\"font-style:normal;font-weight:200\"><strong>Auftraggeber<\/strong>: Science-Notes-Magazin, Das Magazin, NDR Info, NDR, Taz, SZ, FAZ, Deutschlandfunk, Der Stern, die ZEIT u.a. <\/p>\n\n\n\n<p class=\"has-small-font-size\"><strong>Moderation<\/strong>: Universit\u00e4tsmedizin Rostock, Jetzt&amp;Morgen, Demokratisches Werk MV u.a. <\/p>\n\n\n\n<p class=\"has-small-font-size\"><strong>PR<\/strong>: Caritas Deutschland, Wei\u00dfer Ring, Max-Planck-Institut f\u00fcr Demografische Forschung, Tempus Corporate GmbH<\/p>\n\n\n\n<p class=\"has-regular-font-size\" style=\"font-style:normal;font-weight:200\"><strong>Preise<\/strong><\/p>\n\n\n\n<p class=\"has-small-font-size\" style=\"font-style:normal;font-weight:200\"><em>Medienpreis f\u00fcr digitale Aufkl\u00e4rung<\/em> 2022 in der Kategorie Gesprochenes Wort f\u00fcr das NDR-Feature &#8222;Roboter Pepper und die Smartwatch: Kann Hightech den Pflegenotstand lindern?&#8220; <br><br><em>Alternativer Medienpreis<\/em> 2020 in der Kategorie Leben f\u00fcr das NDR-Info-Feature \u201eFu\u00dfball mit Haltung \u2013 Der IFC mischt die Kreisliga auf\u201c | <br><br><em>Medienpreis Mittelstand Nord+Ost<\/em> 2022 in der Kategorie H\u00f6rfunk f\u00fcr das NDR-Info-Feature &#8222;Azubis lost in Work: Berufseinstieg in Coronazeiten&#8220; | <\/p>\n\n\n\n<p class=\"has-regular-font-size\" style=\"font-style:normal;font-weight:200\"><strong>Ehrenamt<\/strong> <\/p>\n\n\n\n<p class=\"has-small-font-size\" style=\"font-style:normal;font-weight:200\">| Host des Podcasts <em>&#8222;Ungest\u00f6rt &#8211; ein Podcast zur Entstigmatisierung psychischer Erkrankungen&#8220;<\/em> bei Lohro, Lokalradio Rostock (2021-2023)<\/p>\n\n\n\n<p><\/p>\n<\/div>\n<\/div>\n\n\n\n<hr class=\"wp-block-separator has-css-opacity is-style-wide\"\/>\n\n\n\n<h1 class=\"wp-block-heading\">Kontakt<\/h1>\n\n\n\n<div class=\"wp-block-group\"><div class=\"wp-block-group__inner-container is-layout-constrained wp-block-group-is-layout-constrained\">\n<div class=\"wp-block-columns is-layout-flex wp-container-core-columns-is-layout-9d6595d7 wp-block-columns-is-layout-flex\">\n<div class=\"wp-block-column is-layout-flow wp-block-column-is-layout-flow\">\n<div class=\"wp-block-buttons is-layout-flex wp-block-buttons-is-layout-flex\">\n<div class=\"wp-block-button\"><a class=\"wp-block-button__link has-regular-font-size has-custom-font-size wp-element-button\" href=\"mailto:hallo@katharinaelsner.de\" style=\"border-radius:20px\" target=\"_blank\" rel=\"noreferrer noopener\">Mail<\/a><\/div>\n\n\n\n<div class=\"wp-block-button\"><a class=\"wp-block-button__link has-regular-font-size has-custom-font-size wp-element-button\" href=\"tel:+491733014299\" style=\"border-radius:20px\" target=\"_blank\" rel=\"noreferrer noopener\">Telefon<\/a><\/div>\n\n\n\n<div class=\"wp-block-button\"><a class=\"wp-block-button__link has-regular-font-size has-custom-font-size wp-element-button\" href=\"https:\/\/www.instagram.com\/ms_elster\/\" style=\"border-radius:20px\" target=\"_blank\" rel=\"noreferrer noopener\">Instagram<\/a><\/div>\n\n\n\n<div class=\"wp-block-button\"><a class=\"wp-block-button__link has-regular-font-size has-custom-font-size wp-element-button\" href=\"https:\/\/www.linkedin.com\/in\/katharina-elsner\/\" style=\"border-radius:20px\" target=\"_blank\" rel=\"noreferrer noopener\">LinkedIn<\/a><\/div>\n\n\n\n<div class=\"wp-block-button\"><a class=\"wp-block-button__link has-regular-font-size has-custom-font-size wp-element-button\" href=\"https:\/\/cal.meetergo.com\/hallo-katharina\/hallokatharina\" style=\"border-radius:20px\" target=\"_blank\" rel=\"noreferrer noopener\">Buche direkt einen Termin bei mir <\/a><\/div>\n<\/div>\n<\/div>\n<\/div>\n<\/div><\/div>\n","protected":false},"excerpt":{"rendered":"<p>Ich bin freie Journalistin, Autorin und Moderatorin. Und Format-Architektin. Ein NDR-Kollege hat einmal \u00fcber mich gesagt: \u201eKatharina tr\u00e4gt einen Schl\u00fcssel in sich, mit dem sie die T\u00fcren zu Menschen \u00f6ffnet, die sie eigentlich verschlossen halten wollten.\u201c Das beschreibt meine Haltung ganz gut. Ich biete Ich suche Meine Lieblingsthemen Bildung, Gewalt in p\u00e4dagogischen Institutionen, Ungleichheiten und [&hellip;]<\/p>\n","protected":false},"author":1,"featured_media":0,"parent":0,"menu_order":1,"comment_status":"closed","ping_status":"closed","template":"","meta":{"footnotes":""},"class_list":["post-18","page","type-page","status-publish","hentry","missing-thumbnail"],"_links":{"self":[{"href":"https:\/\/katharinaelsner.de\/index.php?rest_route=\/wp\/v2\/pages\/18","targetHints":{"allow":["GET"]}}],"collection":[{"href":"https:\/\/katharinaelsner.de\/index.php?rest_route=\/wp\/v2\/pages"}],"about":[{"href":"https:\/\/katharinaelsner.de\/index.php?rest_route=\/wp\/v2\/types\/page"}],"author":[{"embeddable":true,"href":"https:\/\/katharinaelsner.de\/index.php?rest_route=\/wp\/v2\/users\/1"}],"replies":[{"embeddable":true,"href":"https:\/\/katharinaelsner.de\/index.php?rest_route=%2Fwp%2Fv2%2Fcomments&post=18"}],"version-history":[{"count":24,"href":"https:\/\/katharinaelsner.de\/index.php?rest_route=\/wp\/v2\/pages\/18\/revisions"}],"predecessor-version":[{"id":280,"href":"https:\/\/katharinaelsner.de\/index.php?rest_route=\/wp\/v2\/pages\/18\/revisions\/280"}],"wp:attachment":[{"href":"https:\/\/katharinaelsner.de\/index.php?rest_route=%2Fwp%2Fv2%2Fmedia&parent=18"}],"curies":[{"name":"wp","href":"https:\/\/api.w.org\/{rel}","templated":true}]}}

Über mich

<div class="wp-block-columns alignwide is-layout-flex wp-container-core-columns-is-layout-9d6595d7 wp-block-columns-is-layout-flex">
<div class="wp-block-column is-layout-flow wp-block-column-is-layout-flow" style="flex-basis:50%">
<figure class="wp-block-image size-large is-resized is-style-rounded"><img loading="lazy" decoding="async" width="683" height="1024" src="https://katharinaelsner.de/wp-content/uploads/16-HF.St_.Auer241014_Kika_33-683x1024.jpg" alt="" class="wp-image-174" style="aspect-ratio:0.6669944874592889;width:473px;height:auto" srcset="https://katharinaelsner.de/wp-content/uploads/16-HF.St_.Auer241014_Kika_33-683x1024.jpg 683w, https://katharinaelsner.de/wp-content/uploads/16-HF.St_.Auer241014_Kika_33-200x300.jpg 200w, https://katharinaelsner.de/wp-content/uploads/16-HF.St_.Auer241014_Kika_33-768x1152.jpg 768w, https://katharinaelsner.de/wp-content/uploads/16-HF.St_.Auer241014_Kika_33-1024x1536.jpg 1024w, https://katharinaelsner.de/wp-content/uploads/16-HF.St_.Auer241014_Kika_33-1365x2048.jpg 1365w, https://katharinaelsner.de/wp-content/uploads/16-HF.St_.Auer241014_Kika_33-1870x2805.jpg 1870w, https://katharinaelsner.de/wp-content/uploads/16-HF.St_.Auer241014_Kika_33-400x600.jpg 400w, https://katharinaelsner.de/wp-content/uploads/16-HF.St_.Auer241014_Kika_33-800x1200.jpg 800w, https://katharinaelsner.de/wp-content/uploads/16-HF.St_.Auer241014_Kika_33-scaled.jpg 1707w" sizes="auto, (max-width: 683px) 100vw, 683px" /></figure>
</div>



<div class="wp-block-column is-layout-flow wp-block-column-is-layout-flow" style="flex-basis:50%">
<p class="has-large-font-size"><strong>Ich bin freie Journalistin, Autorin und Moderatorin. Und Format-Architektin.</strong></p>



<p> Ein NDR-Kollege hat einmal über mich gesagt: </p>



<blockquote class="wp-block-quote is-layout-flow wp-block-quote-is-layout-flow">
<p>„Katharina trägt einen Schlüssel in sich, mit dem sie die Türen zu Menschen öffnet, die sie eigentlich verschlossen halten wollten.“</p>
</blockquote>



<p>Das beschreibt meine Haltung ganz gut.</p>



<div class="wp-block-columns is-layout-flex wp-container-core-columns-is-layout-9d6595d7 wp-block-columns-is-layout-flex">
<div class="wp-block-column is-layout-flow wp-block-column-is-layout-flow">
<h5 class="wp-block-heading">Ich biete</h5>



<ul class="wp-block-list">
<li><strong>Recherchen</strong> und Faktenchecks, Verifikation</li>



<li><strong>Reportagen</strong>, Features für Online, Podcast, Print</li>



<li>Expertin für <strong>Storytelling</strong> </li>



<li>Interview- und <strong>Pressetrainings</strong> </li>



<li><strong>Moderation</strong> für Fachtage, Panels und Podien, Events, Gruppendiskussionen</li>



<li><strong>Speakerin</strong> auf Panels als Expertin für Bildungsthemen</li>



<li><strong>Formatentwicklung:</strong> Konzeption neuer Projekte, Artikelserien oder Podcasts</li>



<li><strong>Wissenstransfer</strong> für Storytelling in der Wissenschaft </li>
</ul>
</div>



<div class="wp-block-column is-layout-flow wp-block-column-is-layout-flow">
<h5 class="wp-block-heading">Ich suche</h5>



<ul class="wp-block-list">
<li>Entwicklung neuer <strong>Medien- und Journalismusprojekte</strong></li>



<li>Entwicklung <strong>kreativer Live-Formate</strong></li>



<li>Moderationen </li>



<li>Film- und Videoprojekte mit Co-Autor:innen</li>
</ul>
</div>
</div>



<h5 class="wp-block-heading">Meine Lieblingsthemen</h5>



<p>Bildung, Gewalt in pädagogischen Institutionen, Ungleichheiten und Ungerechtigkeiten, Gesellschaft und Politik in Mecklenburg-Vorpommern, Ostdeutschland, Fußballpolitik, Künstliche Intelligenz in Medizin</p>



<h4 class="wp-block-heading">Mehr über mich</h4>



<p class="has-regular-font-size" style="font-style:normal;font-weight:200"><strong>Ausbildung</strong> </p>



<p class="has-small-font-size" style="font-style:normal;font-weight:200">|&nbsp;<strong>Journalistenschule</strong>: Reportageschule Reutlingen 2017-2018</p>



<p class="has-small-font-size" style="font-style:normal;font-weight:200">| <strong>Volontariat</strong>: Weser-Kurier Bremen 2015-2017</p>



<p class="has-small-font-size" style="font-style:normal;font-weight:200">| <strong>Universität Greifswald</strong> 2006-2012: Englisch, Geschichtswissenschaft, <strong>Lehramt</strong> | University of Manitoba 2011</p>



<p class="has-small-font-size" style="font-style:normal;font-weight:200"></p>



<p class="has-regular-font-size" style="font-style:normal;font-weight:200"><strong>Fortbildungen</strong></p>



<p class="has-small-font-size" style="font-style:normal;font-weight:200">| <strong>Mentorin</strong> im Programm &#8222;Kultich-Mentoring&#8220; seit 2026.</p>



<p class="has-small-font-size" style="font-style:normal;font-weight:200">| <strong>Mentee</strong> im Programm &#8222;Kultich-Mentoring&#8220; 2024-2025. Einjährige Fortbildung für Frauen in Kultur- und Medienbranche. Seminaren u.a. Sprache, Stimme, Verhandeln.</p>



<p class="has-small-font-size" style="font-style:normal;font-weight:200">| <strong>Mentee</strong> im Mentorinnenprogramm &#8222;Starke Frauen in MV: Aufstieg in Unternehmen&#8220; 2020-2021. Einjährige Fortbildung für Frauen in Führungspositionen oder solche, die dahin wollen. Mit Seminaren u.a. zu Kommunikation, Konflikt-, Zeitmanagement.</p>



<p class="has-regular-font-size" style="font-style:normal;font-weight:200"><strong>Projekte</strong></p>



<p class="has-small-font-size">| 09/2024-10/2025 <strong>wissenschaftlich Mitarbeiterin </strong>an der Universitätsmedizin Rostock für Konzeption, Recherche und Organisation der interaktiven Themenwoche &#8222;KI in der Medizin &#8212; Sind wir bereit?&#8220;</p>



<p class="has-small-font-size" style="font-style:normal;font-weight:200">| <strong>Fellow</strong> + <strong>Stipendiatin</strong> der &#8222;Masterclass Wissenschaftsjournalismus&#8220; der Riffreporter &amp; Robert-Bosch-Stiftung 2020-2021 | Konzipierung, Planung und Umsetzung einer zweiwöchigen, interaktiven Ausstellung in der Stadtbibliothek Rostock. | Titel: &#8222;Der Roboter: dein Freund und Pfleger?&#8220; | Moderation einer Podiumsdiskussion.</p>



<p class="has-small-font-size">| <strong>Podcast</strong> &#8222;Schwarzes Blut, der Podcast der Stadtbibliothek Rostock über Menschen und Medien, die Mut machen&#8220;. |&nbsp;Planung, Umsetzung und Moderation des Podcasts zusammen mit der Stadtbibliothek Rostock. </p>



<p class="has-regular-font-size" style="font-style:normal;font-weight:200"><strong>Was ich kann</strong></p>



<p class="has-small-font-size" style="font-style:normal;font-weight:200"><strong>Spezialisiert auf</strong>: Reportagen, Porträts, Features, Moderation, Interview, Storytelling</p>



<p class="has-small-font-size" style="font-style:normal;font-weight:200"><strong>Meine</strong> <strong>Medien</strong>: Print, Online, Radio, Video </p>



<p class="has-small-font-size" style="font-style:normal;font-weight:200"><strong>Auftraggeber</strong>: Science-Notes-Magazin, Das Magazin, NDR Info, NDR, Taz, SZ, FAZ, Deutschlandfunk, Der Stern, die ZEIT u.a. </p>



<p class="has-small-font-size"><strong>Moderation</strong>: Universitätsmedizin Rostock, Jetzt&amp;Morgen, Demokratisches Werk MV u.a. </p>



<p class="has-small-font-size"><strong>PR</strong>: Caritas Deutschland, Weißer Ring, Max-Planck-Institut für Demografische Forschung, Tempus Corporate GmbH</p>



<p class="has-regular-font-size" style="font-style:normal;font-weight:200"><strong>Preise</strong></p>



<p class="has-small-font-size" style="font-style:normal;font-weight:200"><em>Medienpreis für digitale Aufklärung</em> 2022 in der Kategorie Gesprochenes Wort für das NDR-Feature &#8222;Roboter Pepper und die Smartwatch: Kann Hightech den Pflegenotstand lindern?&#8220; <br><br><em>Alternativer Medienpreis</em> 2020 in der Kategorie Leben für das NDR-Info-Feature „Fußball mit Haltung – Der IFC mischt die Kreisliga auf“ | <br><br><em>Medienpreis Mittelstand Nord+Ost</em> 2022 in der Kategorie Hörfunk für das NDR-Info-Feature &#8222;Azubis lost in Work: Berufseinstieg in Coronazeiten&#8220; | </p>



<p class="has-regular-font-size" style="font-style:normal;font-weight:200"><strong>Ehrenamt</strong> </p>



<p class="has-small-font-size" style="font-style:normal;font-weight:200">| Host des Podcasts <em>&#8222;Ungestört &#8211; ein Podcast zur Entstigmatisierung psychischer Erkrankungen&#8220;</em> bei Lohro, Lokalradio Rostock (2021-2023)</p>



<p></p>
</div>
</div>



<hr class="wp-block-separator has-css-opacity is-style-wide"/>



<h1 class="wp-block-heading">Kontakt</h1>



<div class="wp-block-group"><div class="wp-block-group__inner-container is-layout-constrained wp-block-group-is-layout-constrained">
<div class="wp-block-columns is-layout-flex wp-container-core-columns-is-layout-9d6595d7 wp-block-columns-is-layout-flex">
<div class="wp-block-column is-layout-flow wp-block-column-is-layout-flow">
<div class="wp-block-buttons is-layout-flex wp-block-buttons-is-layout-flex">
<div class="wp-block-button"><a class="wp-block-button__link has-regular-font-size has-custom-font-size wp-element-button" href="mailto:hallo@katharinaelsner.de" style="border-radius:20px" target="_blank" rel="noreferrer noopener">Mail</a></div>



<div class="wp-block-button"><a class="wp-block-button__link has-regular-font-size has-custom-font-size wp-element-button" href="tel:+491733014299" style="border-radius:20px" target="_blank" rel="noreferrer noopener">Telefon</a></div>



<div class="wp-block-button"><a class="wp-block-button__link has-regular-font-size has-custom-font-size wp-element-button" href="https://www.instagram.com/ms_elster/" style="border-radius:20px" target="_blank" rel="noreferrer noopener">Instagram</a></div>



<div class="wp-block-button"><a class="wp-block-button__link has-regular-font-size has-custom-font-size wp-element-button" href="https://www.linkedin.com/in/katharina-elsner/" style="border-radius:20px" target="_blank" rel="noreferrer noopener">LinkedIn</a></div>



<div class="wp-block-button"><a class="wp-block-button__link has-regular-font-size has-custom-font-size wp-element-button" href="https://cal.meetergo.com/hallo-katharina/hallokatharina" style="border-radius:20px" target="_blank" rel="noreferrer noopener">Buche direkt einen Termin bei mir </a></div>
</div>
</div>
</div>
</div></div>

<p>Ich bin freie Journalistin, Autorin und Moderatorin. Und Format-Architektin. Ein NDR-Kollege hat einmal über mich gesagt: „Katharina trägt einen Schlüssel in sich, mit dem sie die Türen zu Menschen öffnet, die sie eigentlich verschlossen halten wollten.“ Das beschreibt meine Haltung ganz gut. Ich biete Ich suche Meine Lieblingsthemen Bildung, Gewalt in pädagogischen Institutionen, Ungleichheiten und [&hellip;]</p>
